{"id":2753,"date":"2018-05-11T12:16:14","date_gmt":"2018-05-11T12:16:14","guid":{"rendered":"http:\/\/www.adrianzalten.de\/?page_id=2753"},"modified":"2024-09-03T10:28:16","modified_gmt":"2024-09-03T10:28:16","slug":"musikraum","status":"publish","type":"page","link":"http:\/\/www.adrianzalten.de\/?page_id=2753","title":{"rendered":"Tastenraum"},"content":{"rendered":"<div class=\"wp-block-image\">\n<figure class=\"aligncenter size-large\"><a href=\"http:\/\/www.adrianzalten.de\/wp-content\/uploads\/2021\/12\/EB29378.jpg\"><img loading=\"lazy\" decoding=\"async\" width=\"1000\" height=\"668\" src=\"http:\/\/www.adrianzalten.de\/wp-content\/uploads\/2021\/12\/EB29378-1000x668.jpg\" alt=\"\" class=\"wp-image-3050\" srcset=\"http:\/\/www.adrianzalten.de\/wp-content\/uploads\/2021\/12\/EB29378-1000x668.jpg 1000w, http:\/\/www.adrianzalten.de\/wp-content\/uploads\/2021\/12\/EB29378-620x414.jpg 620w, http:\/\/www.adrianzalten.de\/wp-content\/uploads\/2021\/12\/EB29378-768x513.jpg 768w, http:\/\/www.adrianzalten.de\/wp-content\/uploads\/2021\/12\/EB29378.jpg 1024w\" sizes=\"auto, (max-width: 706px) 89vw, (max-width: 767px) 82vw, 740px\" \/><\/a><\/figure>\n<\/div>\n\n\n<p>Ich hatte schon sehr lange die Idee in eigenen R\u00e4umen zu unterrichten, leider waren die Bedingungen f\u00fcr so einen Raum meistens zu weit weg vom Zentrum oder akustisch gesehen nicht verantwortungsvoll gegen\u00fcber den Nachbarn. Nachdem das Architektenb\u00fcro Motorplan aus Mannheim auf mich zu kam, von einem neuen Geb\u00e4ude schw\u00e4rmte und mich fragte, ob ich mit ins Boot wolle, habe ich nat\u00fcrlich sofort zugesagt. Die Stadt Mannheim hatte eines der letzten Grundst\u00fccke im Lindenhof, direkt an der Hauptstra\u00dfe und Stra\u00dfenbahnlinie ausgeschrieben. Zusammen mit <a href=\"https:\/\/www.motorplan.eu\">Motorplan<\/a> haben wir unsere Idee pr\u00e4sentiert und den Zuschlag bekommen.<\/p>\n\n\n\n<p><strong>Was kann man sich unter dem Namen Tastenraum vorstellen ?<\/strong><\/p>\n\n\n\n<p>Ganz einfach: Ein Raum voller Tasteninstrumente. Angefangen vom traditionellen Klavier bis hin zu ein paar Synthesizern und Keyboards. Alles sofort spielbar und miteinander am Computer verbunden.<\/p>\n\n\n\n<p><strong>Warum all die Tasteninstrumente ?<\/strong><\/p>\n\n\n\n<p><span style=\"-webkit-text-size-adjust: 100%;\">In meiner nun fast 10- j\u00e4hrigen Erfahrung als Musiklehrer hat sich herauskristallisiert, dass ein sehr starker Drang nach Synthesizern und modernen Workstation &#8211; Keyboards in der heutigen Jugend herrscht. Viele Sch\u00fcler erlernen bei mir das Klavierspielen, sehen aber  auch meine Arbeit bei Yamaha und entdecken dann die \u201cmoderne\u201d Seite der Tasteninstrumente.<\/span> In den gemeinsamen Klavierstunden wurden die n\u00f6tigen Grundlagen geschaffen eigene Musik zu komponieren. <span style=\"-webkit-text-size-adjust: 100%;\">Oder wie es die Jugend nennt: \u201cBeats bauen\u201d. Dieser Raum bietet genau diese M\u00f6glichkeiten. \u00a0 <\/span><\/p>\n\n\n\n<p><b>Wie sieht es  aus mit traditionellem Klavierunterricht aus ?<\/b><\/p>\n\n\n\n<p>Nat\u00fcrlich wird es den traditionellen Klavierunterricht weiterhin bei mir geben. Nicht jeder hat Interesse daran mit den modernen Tasteninstrumenten zu spielen.<\/p>\n\n\n\n<p><b>Was macht den Tastenraum so besonders?<\/b><\/p>\n\n\n\n<p>Es ist der perfekte Ort individuell Musik zu machen und sich weiterentwickeln. Dadurch dass all diese Vielfalt sofort griffbereit ist kann ich ganz anders unterichten. Heute spielen wir am Klavier, n\u00e4chste Wochen komponieren wir am Rechner oder der Sch\u00fcler bringt sein iPad mit und lernt das Komponieren mit Apps wie GarageBand sowohl bei mir im Tastenraum als auch eigenst\u00e4ndig zuhause. <\/p>\n\n\n\n<p><b>Warum diese Vielfalt?<\/b><\/p>\n\n\n\n<p>In den heutigen Zeit ist es wichtig, dass Sch\u00fcler nicht nur am Klavier sitzen und alleine \u00fcben oder spielen, sondern sich auch \u00a0wirklich mit moderner Musik auseinandersetzen. Sie erleben und h\u00f6ren jeden Tag Musik und haben nat\u00fcrlich deshalb einen besseren Bezug zur Popmusik als zu Barock, Klassik oder Jazz. \u00a0Ich m\u00f6chte den Unterricht so vielf\u00e4ltig wie m\u00f6glich gestalten damit das Interesse an der Musik immer bestehen bleibt. <\/p>\n","protected":false},"excerpt":{"rendered":"<p>Ich hatte schon sehr lange die Idee in eigenen R\u00e4umen zu unterrichten, leider waren die Bedingungen f\u00fcr so einen Raum meistens zu weit weg vom Zentrum oder akustisch gesehen nicht verantwortungsvoll gegen\u00fcber den Nachbarn. Nachdem das Architektenb\u00fcro Motorplan aus Mannheim auf mich zu kam, von einem neuen Geb\u00e4ude schw\u00e4rmte und mich fragte, ob ich mit &hellip; <\/p>\n<p class=\"link-more\"><a href=\"http:\/\/www.adrianzalten.de\/?page_id=2753\" class=\"more-link\"><span class=\"screen-reader-text\">\u201eTastenraum\u201c <\/span>weiterlesen<\/a><\/p>\n","protected":false},"author":1,"featured_media":0,"parent":0,"menu_order":0,"comment_status":"closed","ping_status":"closed","template":"","meta":{"footnotes":""},"class_list":["post-2753","page","type-page","status-publish","hentry"],"_links":{"self":[{"href":"http:\/\/www.adrianzalten.de\/index.php?rest_route=\/wp\/v2\/pages\/2753","targetHints":{"allow":["GET"]}}],"collection":[{"href":"http:\/\/www.adrianzalten.de\/index.php?rest_route=\/wp\/v2\/pages"}],"about":[{"href":"http:\/\/www.adrianzalten.de\/index.php?rest_route=\/wp\/v2\/types\/page"}],"author":[{"embeddable":true,"href":"http:\/\/www.adrianzalten.de\/index.php?rest_route=\/wp\/v2\/users\/1"}],"replies":[{"embeddable":true,"href":"http:\/\/www.adrianzalten.de\/index.php?rest_route=%2Fwp%2Fv2%2Fcomments&post=2753"}],"version-history":[{"count":43,"href":"http:\/\/www.adrianzalten.de\/index.php?rest_route=\/wp\/v2\/pages\/2753\/revisions"}],"predecessor-version":[{"id":3169,"href":"http:\/\/www.adrianzalten.de\/index.php?rest_route=\/wp\/v2\/pages\/2753\/revisions\/3169"}],"wp:attachment":[{"href":"http:\/\/www.adrianzalten.de\/index.php?rest_route=%2Fwp%2Fv2%2Fmedia&parent=2753"}],"curies":[{"name":"wp","href":"https:\/\/api.w.org\/{rel}","templated":true}]}}

<div class="wp-block-image">
<figure class="aligncenter size-large"><a href="http://www.adrianzalten.de/wp-content/uploads/2021/12/EB29378.jpg"><img loading="lazy" decoding="async" width="1000" height="668" src="http://www.adrianzalten.de/wp-content/uploads/2021/12/EB29378-1000x668.jpg" alt="" class="wp-image-3050" srcset="http://www.adrianzalten.de/wp-content/uploads/2021/12/EB29378-1000x668.jpg 1000w, http://www.adrianzalten.de/wp-content/uploads/2021/12/EB29378-620x414.jpg 620w, http://www.adrianzalten.de/wp-content/uploads/2021/12/EB29378-768x513.jpg 768w, http://www.adrianzalten.de/wp-content/uploads/2021/12/EB29378.jpg 1024w" sizes="auto, (max-width: 706px) 89vw, (max-width: 767px) 82vw, 740px" /></a></figure>
</div>


<p>Ich hatte schon sehr lange die Idee in eigenen Räumen zu unterrichten, leider waren die Bedingungen für so einen Raum meistens zu weit weg vom Zentrum oder akustisch gesehen nicht verantwortungsvoll gegenüber den Nachbarn. Nachdem das Architektenbüro Motorplan aus Mannheim auf mich zu kam, von einem neuen Gebäude schwärmte und mich fragte, ob ich mit ins Boot wolle, habe ich natürlich sofort zugesagt. Die Stadt Mannheim hatte eines der letzten Grundstücke im Lindenhof, direkt an der Hauptstraße und Straßenbahnlinie ausgeschrieben. Zusammen mit <a href="https://www.motorplan.eu">Motorplan</a> haben wir unsere Idee präsentiert und den Zuschlag bekommen.</p>



<p><strong>Was kann man sich unter dem Namen Tastenraum vorstellen ?</strong></p>



<p>Ganz einfach: Ein Raum voller Tasteninstrumente. Angefangen vom traditionellen Klavier bis hin zu ein paar Synthesizern und Keyboards. Alles sofort spielbar und miteinander am Computer verbunden.</p>



<p><strong>Warum all die Tasteninstrumente ?</strong></p>



<p><span style="-webkit-text-size-adjust: 100%;">In meiner nun fast 10- jährigen Erfahrung als Musiklehrer hat sich herauskristallisiert, dass ein sehr starker Drang nach Synthesizern und modernen Workstation &#8211; Keyboards in der heutigen Jugend herrscht. Viele Schüler erlernen bei mir das Klavierspielen, sehen aber  auch meine Arbeit bei Yamaha und entdecken dann die “moderne” Seite der Tasteninstrumente.</span> In den gemeinsamen Klavierstunden wurden die nötigen Grundlagen geschaffen eigene Musik zu komponieren. <span style="-webkit-text-size-adjust: 100%;">Oder wie es die Jugend nennt: “Beats bauen”. Dieser Raum bietet genau diese Möglichkeiten.   </span></p>



<p><b>Wie sieht es  aus mit traditionellem Klavierunterricht aus ?</b></p>



<p>Natürlich wird es den traditionellen Klavierunterricht weiterhin bei mir geben. Nicht jeder hat Interesse daran mit den modernen Tasteninstrumenten zu spielen.</p>



<p><b>Was macht den Tastenraum so besonders?</b></p>



<p>Es ist der perfekte Ort individuell Musik zu machen und sich weiterentwickeln. Dadurch dass all diese Vielfalt sofort griffbereit ist kann ich ganz anders unterichten. Heute spielen wir am Klavier, nächste Wochen komponieren wir am Rechner oder der Schüler bringt sein iPad mit und lernt das Komponieren mit Apps wie GarageBand sowohl bei mir im Tastenraum als auch eigenständig zuhause. </p>



<p><b>Warum diese Vielfalt?</b></p>



<p>In den heutigen Zeit ist es wichtig, dass Schüler nicht nur am Klavier sitzen und alleine üben oder spielen, sondern sich auch  wirklich mit moderner Musik auseinandersetzen. Sie erleben und hören jeden Tag Musik und haben natürlich deshalb einen besseren Bezug zur Popmusik als zu Barock, Klassik oder Jazz.  Ich möchte den Unterricht so vielfältig wie möglich gestalten damit das Interesse an der Musik immer bestehen bleibt. </p>

<p>Ich hatte schon sehr lange die Idee in eigenen Räumen zu unterrichten, leider waren die Bedingungen für so einen Raum meistens zu weit weg vom Zentrum oder akustisch gesehen nicht verantwortungsvoll gegenüber den Nachbarn. Nachdem das Architektenbüro Motorplan aus Mannheim auf mich zu kam, von einem neuen Gebäude schwärmte und mich fragte, ob ich mit &hellip; </p>
<p class="link-more"><a href="http://www.adrianzalten.de/?page_id=2753" class="more-link"><span class="screen-reader-text">„Tastenraum“ </span>weiterlesen</a></p>
