{"id":28,"date":"2010-03-21T23:24:10","date_gmt":"2010-03-21T23:24:10","guid":{"rendered":"http:\/\/www.adrianzalten.de\/?page_id=28"},"modified":"2024-09-03T10:10:16","modified_gmt":"2024-09-03T10:10:16","slug":"klavierstunde","status":"publish","type":"page","link":"http:\/\/www.adrianzalten.de\/?page_id=28","title":{"rendered":"Klavierstunde"},"content":{"rendered":"<div class=\"wp-block-image\">\n<figure class=\"aligncenter size-large\"><a href=\"http:\/\/www.adrianzalten.de\/wp-content\/uploads\/2021\/12\/EB29367.jpg\"><img loading=\"lazy\" decoding=\"async\" width=\"1000\" height=\"668\" src=\"http:\/\/www.adrianzalten.de\/wp-content\/uploads\/2021\/12\/EB29367-1000x668.jpg\" alt=\"\" class=\"wp-image-3058\" srcset=\"http:\/\/www.adrianzalten.de\/wp-content\/uploads\/2021\/12\/EB29367-1000x668.jpg 1000w, http:\/\/www.adrianzalten.de\/wp-content\/uploads\/2021\/12\/EB29367-620x414.jpg 620w, http:\/\/www.adrianzalten.de\/wp-content\/uploads\/2021\/12\/EB29367-768x513.jpg 768w, http:\/\/www.adrianzalten.de\/wp-content\/uploads\/2021\/12\/EB29367.jpg 1024w\" sizes=\"auto, (max-width: 706px) 89vw, (max-width: 767px) 82vw, 740px\" \/><\/a><\/figure>\n<\/div>\n\n\n<p><span style=\"color: #000000;\">Ich bin mit der klassischen Klavierliteratur aufgewachsen und empfehle sie bis heute. Sie hat ihre Berechtigung. Jedoch sehe ich auch die M\u00f6glichkeit mit aktueller Literatur oder modernen St\u00fccken Klaviersch\u00fcler zu begeistern. Ich wei\u00df, dass es schwer ist gutes modernes Material zu finden. Deshalb gehe ich einen Schritt weiter und passe die St\u00fccke oft selbst am iPad an oder schreibe sie <\/span>in Notenprogramm um.<\/p>\n\n\n\n<p>Ein anderes wichtiges Thema ist die Improvisation. Ich lege sehr viel Wert darauf, dass meine Sch\u00fcler lernen zu improvisieren. Ich m\u00f6chte keine CD &#8211; Spieler ausbilden. Ich erkl\u00e4re ihnen wie es funktioniert und zeige auf, dass es jeder lernen kann. Es ist kein Geheimnis sondern eher freies Denken. Es \u00e4rgert mich oft, dass Sch\u00fcler zu mir kommen und eigentlich schon 5 Jahre Unterricht hatten aber nichts ohne Noten alleine spielen k\u00f6nnen.<\/p>\n\n\n\n<p><span style=\"color: #000000;\">Die Klassik ist in meinen Augen auch nur improvisierte Musik, siehe Jazz, bis deren Wortschatz so of gespielt wurde bis einer kam und alles als Noten aufschrieb. Der Jazz wird sich auch so entwickeln, oder hat schon begonnen. <\/span>Ein elementarer Bestandteil meines Klavierunterrichts ist das F\u00fchlen der Tatstatur. <span style=\"color: #000000;\">Weg vom Tastensuchen und einfach mal nur die Noten im Auge behalten. Wichtig ist das Ergr\u00fcnden von Abst\u00e4nden zwischen den Armen und den einzelnen Fingern. Man soll sich einfach zurechtfinden ohne immer auf die Tasten schauen zu m\u00fcssen.<\/span><\/p>\n\n\n\n<p>Ich bin auch ein gro\u00dfer Freund von modernen Medien. Ich nutze mein iPad als Kompositionswerkzeug im Unterricht. Wir analysieren St\u00fccke und zerlegen sie in ihre Bestandteile. Danach nutze ich Apps wie zum Beispiel &#8222;GarageBand&#8220; und baue mit dem Sch\u00fcler die St\u00fccke nach. Hierbei werden Akkorde, Tonleitern, Basslinien etc. gelernt. In meinen Augen ein riesiger Fortschritt um Musik besser zu verstehen.<\/p>\n\n\n\n<h3 class=\"wp-block-heading\"><span style=\"color: #000000;\">Unterrichtszeit \/ Unterrichtsgeb\u00fchren<\/span><\/h3>\n\n\n\n<p><strong>F\u00fcr Kinder<\/strong> (in der Gruppe)<\/p>\n\n\n\n<p><span style=\"color: #000000;\">Der Klavierunterricht erfolgt gem\u00e4\u00df dem \u00f6ffentlichen Schulkalender des Landes Baden-W\u00fcrttemberg, also 40 Wochenstunden pro Jahr mit einer Unterrichtseinheit von entweder 45 oder 60 min pro Woche in der Gruppe. (2 Sch\u00fcler und ein Lehrer). Der Klavierunterricht kostet dann jeweils 107,50 oder 115 \u20ac\/Monat. Der Unterricht kann zu jeder Zeit anfangen. W\u00e4hrend der Schulferien in Baden-W\u00fcrttemberg findet normalerweise kein Unterricht statt. Es bietet sich aber die M\u00f6glichkeit nach Absprache mit mir den Unterricht fortzusetzen, der separat abgerechnet werden mu\u00df.\u00a0<\/span><\/p>\n\n\n\n<p><strong>F\u00fcr Kinder<\/strong> (einzeln)<\/p>\n\n\n\n<p>Der Klavierunterricht erfolgt gem\u00e4\u00df dem \u00f6ffentlichen Schulkalender des Landes Baden-W\u00fcrttemberg, also 40 Wochenstunden pro Jahr mit einer Unterrichtseinheit von 30 min pro Woche. Der Klavierunterricht kostet 100 \u20ac\/Monat. Der Unterricht kann zu jeder Zeit anfangen. W\u00e4hrend der Schulferien in Baden-W\u00fcrttemberg findet normalerweise kein Unterricht statt. Es bietet sich aber die M\u00f6glichkeit nach Absprache mit mir den Unterricht fortzusetzen, der separat abgerechnet werden mu\u00df.\u00a0<\/p>\n\n\n\n<p><strong>F\u00fcr Erwachsene<\/strong><\/p>\n\n\n\n<p>Die Erwachsenen erhalten Einzelunterricht und k\u00f6nnen sich entweder f\u00fcr 30 oder 45 min entscheiden. Die Kosten betragen hier jeweils 30 oder 45 Euro. Der Unterricht kann nach Absprache unter der Woche vormittags oder am Abend erfolgen.<\/p>\n","protected":false},"excerpt":{"rendered":"<p>Ich bin mit der klassischen Klavierliteratur aufgewachsen und empfehle sie bis heute. Sie hat ihre Berechtigung. Jedoch sehe ich auch die M\u00f6glichkeit mit aktueller Literatur oder modernen St\u00fccken Klaviersch\u00fcler zu begeistern. Ich wei\u00df, dass es schwer ist gutes modernes Material zu finden. Deshalb gehe ich einen Schritt weiter und passe die St\u00fccke oft selbst am &hellip; <\/p>\n<p class=\"link-more\"><a href=\"http:\/\/www.adrianzalten.de\/?page_id=28\" class=\"more-link\"><span class=\"screen-reader-text\">\u201eKlavierstunde\u201c <\/span>weiterlesen<\/a><\/p>\n","protected":false},"author":1,"featured_media":0,"parent":0,"menu_order":2,"comment_status":"closed","ping_status":"closed","template":"","meta":{"footnotes":""},"class_list":["post-28","page","type-page","status-publish","hentry"],"_links":{"self":[{"href":"http:\/\/www.adrianzalten.de\/index.php?rest_route=\/wp\/v2\/pages\/28","targetHints":{"allow":["GET"]}}],"collection":[{"href":"http:\/\/www.adrianzalten.de\/index.php?rest_route=\/wp\/v2\/pages"}],"about":[{"href":"http:\/\/www.adrianzalten.de\/index.php?rest_route=\/wp\/v2\/types\/page"}],"author":[{"embeddable":true,"href":"http:\/\/www.adrianzalten.de\/index.php?rest_route=\/wp\/v2\/users\/1"}],"replies":[{"embeddable":true,"href":"http:\/\/www.adrianzalten.de\/index.php?rest_route=%2Fwp%2Fv2%2Fcomments&post=28"}],"version-history":[{"count":156,"href":"http:\/\/www.adrianzalten.de\/index.php?rest_route=\/wp\/v2\/pages\/28\/revisions"}],"predecessor-version":[{"id":3164,"href":"http:\/\/www.adrianzalten.de\/index.php?rest_route=\/wp\/v2\/pages\/28\/revisions\/3164"}],"wp:attachment":[{"href":"http:\/\/www.adrianzalten.de\/index.php?rest_route=%2Fwp%2Fv2%2Fmedia&parent=28"}],"curies":[{"name":"wp","href":"https:\/\/api.w.org\/{rel}","templated":true}]}}

<div class="wp-block-image">
<figure class="aligncenter size-large"><a href="http://www.adrianzalten.de/wp-content/uploads/2021/12/EB29367.jpg"><img loading="lazy" decoding="async" width="1000" height="668" src="http://www.adrianzalten.de/wp-content/uploads/2021/12/EB29367-1000x668.jpg" alt="" class="wp-image-3058" srcset="http://www.adrianzalten.de/wp-content/uploads/2021/12/EB29367-1000x668.jpg 1000w, http://www.adrianzalten.de/wp-content/uploads/2021/12/EB29367-620x414.jpg 620w, http://www.adrianzalten.de/wp-content/uploads/2021/12/EB29367-768x513.jpg 768w, http://www.adrianzalten.de/wp-content/uploads/2021/12/EB29367.jpg 1024w" sizes="auto, (max-width: 706px) 89vw, (max-width: 767px) 82vw, 740px" /></a></figure>
</div>


<p><span style="color: #000000;">Ich bin mit der klassischen Klavierliteratur aufgewachsen und empfehle sie bis heute. Sie hat ihre Berechtigung. Jedoch sehe ich auch die Möglichkeit mit aktueller Literatur oder modernen Stücken Klavierschüler zu begeistern. Ich weiß, dass es schwer ist gutes modernes Material zu finden. Deshalb gehe ich einen Schritt weiter und passe die Stücke oft selbst am iPad an oder schreibe sie </span>in Notenprogramm um.</p>



<p>Ein anderes wichtiges Thema ist die Improvisation. Ich lege sehr viel Wert darauf, dass meine Schüler lernen zu improvisieren. Ich möchte keine CD &#8211; Spieler ausbilden. Ich erkläre ihnen wie es funktioniert und zeige auf, dass es jeder lernen kann. Es ist kein Geheimnis sondern eher freies Denken. Es ärgert mich oft, dass Schüler zu mir kommen und eigentlich schon 5 Jahre Unterricht hatten aber nichts ohne Noten alleine spielen können.</p>



<p><span style="color: #000000;">Die Klassik ist in meinen Augen auch nur improvisierte Musik, siehe Jazz, bis deren Wortschatz so of gespielt wurde bis einer kam und alles als Noten aufschrieb. Der Jazz wird sich auch so entwickeln, oder hat schon begonnen. </span>Ein elementarer Bestandteil meines Klavierunterrichts ist das Fühlen der Tatstatur. <span style="color: #000000;">Weg vom Tastensuchen und einfach mal nur die Noten im Auge behalten. Wichtig ist das Ergründen von Abständen zwischen den Armen und den einzelnen Fingern. Man soll sich einfach zurechtfinden ohne immer auf die Tasten schauen zu müssen.</span></p>



<p>Ich bin auch ein großer Freund von modernen Medien. Ich nutze mein iPad als Kompositionswerkzeug im Unterricht. Wir analysieren Stücke und zerlegen sie in ihre Bestandteile. Danach nutze ich Apps wie zum Beispiel &#8222;GarageBand&#8220; und baue mit dem Schüler die Stücke nach. Hierbei werden Akkorde, Tonleitern, Basslinien etc. gelernt. In meinen Augen ein riesiger Fortschritt um Musik besser zu verstehen.</p>



<h3 class="wp-block-heading"><span style="color: #000000;">Unterrichtszeit / Unterrichtsgebühren</span></h3>



<p><strong>Für Kinder</strong> (in der Gruppe)</p>



<p><span style="color: #000000;">Der Klavierunterricht erfolgt gemäß dem öffentlichen Schulkalender des Landes Baden-Württemberg, also 40 Wochenstunden pro Jahr mit einer Unterrichtseinheit von entweder 45 oder 60 min pro Woche in der Gruppe. (2 Schüler und ein Lehrer). Der Klavierunterricht kostet dann jeweils 107,50 oder 115 €/Monat. Der Unterricht kann zu jeder Zeit anfangen. Während der Schulferien in Baden-Württemberg findet normalerweise kein Unterricht statt. Es bietet sich aber die Möglichkeit nach Absprache mit mir den Unterricht fortzusetzen, der separat abgerechnet werden muß. </span></p>



<p><strong>Für Kinder</strong> (einzeln)</p>



<p>Der Klavierunterricht erfolgt gemäß dem öffentlichen Schulkalender des Landes Baden-Württemberg, also 40 Wochenstunden pro Jahr mit einer Unterrichtseinheit von 30 min pro Woche. Der Klavierunterricht kostet 100 €/Monat. Der Unterricht kann zu jeder Zeit anfangen. Während der Schulferien in Baden-Württemberg findet normalerweise kein Unterricht statt. Es bietet sich aber die Möglichkeit nach Absprache mit mir den Unterricht fortzusetzen, der separat abgerechnet werden muß. </p>



<p><strong>Für Erwachsene</strong></p>



<p>Die Erwachsenen erhalten Einzelunterricht und können sich entweder für 30 oder 45 min entscheiden. Die Kosten betragen hier jeweils 30 oder 45 Euro. Der Unterricht kann nach Absprache unter der Woche vormittags oder am Abend erfolgen.</p>

<p>Ich bin mit der klassischen Klavierliteratur aufgewachsen und empfehle sie bis heute. Sie hat ihre Berechtigung. Jedoch sehe ich auch die Möglichkeit mit aktueller Literatur oder modernen Stücken Klavierschüler zu begeistern. Ich weiß, dass es schwer ist gutes modernes Material zu finden. Deshalb gehe ich einen Schritt weiter und passe die Stücke oft selbst am &hellip; </p>
<p class="link-more"><a href="http://www.adrianzalten.de/?page_id=28" class="more-link"><span class="screen-reader-text">„Klavierstunde“ </span>weiterlesen</a></p>
